or of 48111 and 884247?
1659
What is the highest common divisor of 5319 and 324?
27
Calculate the greatest common divisor of 3070250 and 125.
125
What is the highest common factor of 72 and 1384?
8
Calculate the greatest common divisor of 911267 and 87.
29
Calculate the greatest common factor of 1820 and 33943.
91
What is the highest common factor of 1891 and 3813?
31
Calculate the highest common factor of 132 and 384.
12
What is the greatest common factor of 60 and 261972?
12
What is the highest common factor of 144098 and 872?
218
Calculate the greatest common factor of 1264 and 6715.
79
What is the highest common divisor of 164883 and 549?
183
What is the greatest common factor of 688 and 19248?
16
What is the highest common factor of 46 and 96393?
23
Calculate the highest common divisor of 289226 and 511.
511
What is the highest common divisor of 38328 and 36?
12
What is the greatest common factor of 134 and 11926?
134
Calculate the highest common factor of 8841 and 2884692.
1263
Calculate the highest common factor of 253 and 827057.
253
Calculate the highest common factor of 357 and 3706.
17
Calculate the greatest common factor of 115996 and 376.
188
Calculate the highest common divisor of 3344 and 214852.
836
What is the highest common divisor of 58310 and 126140?
1190
Calculate the greatest common divisor of 312 and 248856.
24
Calculate the greatest common factor of 630 and 5550.
30
Calculate the greatest common divisor of 739456 and 1166.
106
What is the highest common divisor of 24 and 44148?
12
Calculate the highest common divisor of 7 and 7051093.
7
Calculate the highest common divisor of 1962 and 243.
9
Calculate the highest common factor of 6563449 and 197.
197
What is the greatest common divisor of 16170 and 4445?
35
Calculate the highest common factor of 1508 and 319.
29
Calculate the highest common factor of 4230 and 270.
90
What is the greatest common factor of 3952 and 5200?
208
Calculate the greatest common factor of 152 and 808.
8
What is the greatest common divisor of 302 and 30250736?
302
Calculate the greatest common factor of 1316258 and 854.
122
What is the highest common divisor of 120 and 22136?
8
Calculate the highest common factor of 14819 and 219.
73
What is the greatest common divisor of 632303 and 826?
413
What is the greatest common divisor of 187756 and 1?
1
Calculate the highest common divisor of 478240 and 800.
160
Calculate the highest common factor of 51480 and 130104.
936
Calculate the highest common divisor of 190 and 29735.
95
What is the greatest common divisor of 329120 and 374?
374
Calculate the greatest common factor of 1091588 and 1626.
542
Calculate the highest common factor of 549 and 1551840.
183
What is the greatest common factor of 357 and 567672?
21
What is the greatest common factor of 8022 and 4966?
382
Calculate the greatest common factor of 181791 and 513.
27
Calculate the highest common factor of 5920 and 6660.
740
What is the highest common divisor of 226180 and 13760?
860
What is the highest common factor of 45880 and 93?
31
What is the greatest common factor of 389553 and 534?
267
Calculate the highest common factor of 25 and 10038800.
25
What is the highest common divisor of 6 and 77838?
6
What is the greatest common divisor of 25370 and 860?
430
What is the highest common factor of 388692 and 1404?
108
Calculate the highest common divisor of 172284 and 441.
147
Calculate the greatest common factor of 28245 and 18795.
105
Calculate the highest common factor of 6240 and 2372760.
1560
What is the highest common divisor of 14 and 752?
2
What is the highest common divisor of 267 and 4214328?
267
What is the highest common divisor of 3890 and 550?
10
What is the highest common divisor of 142832 and 880?
16
Calculate the greatest common divisor of 800 and 74080.
160
What is the greatest common divisor of 18579 and 1023?
33
What is the highest common divisor of 35519 and 737?
11
What is the highest common factor of 12284 and 3552?
148
What is the highest common factor of 119 and 48399?
17
What is the greatest common factor of 116521 and 872?
109
Calculate the greatest common factor of 121002 and 1290.
258
Calculate the greatest common divisor of 22737 and 759.
33
Calculate the highest common divisor of 125 and 12000.
125
What is the highest common divisor of 4605500 and 61?
61
What is the highest common factor of 220762 and 34?
34
What is the highest common divisor of 1764 and 252056?
196
Calculate the greatest common divisor of 27 and 88029.
9
Calculate the greatest common factor of 256 and 110.
2
Calculate the highest common factor of 26 and 523458.
26
What is the highest common divisor of 9731 and 6031?
37
Calculate the greatest common factor of 304756 and 1708.
244
What is the greatest common divisor of 2589360 and 6?
6
What is the highest common divisor of 1222 and 9917?
47
Calculate the highest common factor of 553 and 6167.
7
Calculate the greatest common factor of 23257 and 11440.
13
Calculate the highest common factor of 4032 and 384.
192
Calculate the highest common divisor of 1267742 and 4648.
1162
Calculate the greatest common divisor of 1056 and 2448.
48
Calculate the highest common divisor of 16 and 454264.
8
Calculate the greatest common divisor of 5082 and 420.
42
What is the highest common factor of 3744 and 54405?
117
Calculate the greatest common divisor of 8630 and 290.
10
What is the greatest common divisor of 7201 and 136061?
379
Calculate the highest common divisor of 372 and 672762.
186
What is the greatest common factor of 2350 and 25615?
235
What is the highest common factor of 10740 and 411342?
1074
Calculate the greatest common divisor of 576 and 237.
3
What is the highest common divisor of 621 and 166451?
23
Calculate the highest common divisor of 6744 and 858174.
1686
What is the greatest common divisor of 3444750 and 75?
75
Calculate the highest common factor of 540 and 10890.
90
What is the highest common factor of 5900 and 4920?
20
What is the highest common factor of 16575 and 3705?
195
Calculate the highest common divisor of 48 and 141816.
24
What is the greatest common factor of 376 and 38728?
376
What is the highest common divisor of 273 and 451941?
21
Calculate the highest common divisor of 26468 and 130.
26
Calculate the highest common divisor of 396584 and 2314.
178
Calculate the greatest common factor of 228 and 96634.
38
Calculate the highest common divisor of 877045 and 1545.
515
Calculate the greatest common divisor of 4972 and 10.
2
What is the highest common divisor of 216 and 308961?
27
Calculate the greatest common divisor of 5790 and 663.
3
Calculate the highest common divisor of 4238 and 520.
26
Calculate the highest common divisor of 1026 and 235296.
342
What is the highest common divisor of 2695 and 1206821?
539
Calculate the greatest common divisor of 546 and 58632.
42
What is the greatest common factor of 3200 and 1376?
32
What is the highest common divisor of 1600 and 13360?
80
Calculate the highest common divisor of 60 and 6012.
12
What is the greatest common divisor of 61504 and 64?
64
Calculate the greatest common divisor of 31208 and 3384.
376
Calculate the greatest common factor of 1090 and 3730.
10
What is the greatest common divisor of 5763 and 136278?
339
What is the greatest common factor of 245 and 171745?
245
What is the highest common divisor of 522 and 437958?
522
What is the greatest common factor of 8204 and 574?
14
Calculate the highest common divisor of 2088 and 7272.
72
What is the highest common divisor of 3829 and 71657?
547
Calculate the highest common factor of 316065 and 285.
285
Calculate the highest common factor of 181298 and 6422.
494
What is the greatest common factor of 69236 and 171?
19
What is the greatest common divisor of 644 and 828?
92
What is the greatest common divisor of 60605 and 115?
115
Calculate the highest common factor of 4150 and 1040.
10
Calculate the highest common factor of 946 and 6754.
22
Calculate the highest common divisor of 338800 and 264.
88
What is the greatest common divisor of 1107562 and 13810?
2762
What is the highest common divisor of 4818 and 2046?
66
What is the highest common factor of 621 and 11475?
27
Calculate the greatest common factor of 33969 and 2211.
201
Calcul